{"id":2748,"date":"2025-09-02T13:04:54","date_gmt":"2025-09-02T11:04:54","guid":{"rendered":"https:\/\/stureggiane.comune.re.it\/?page_id=2748"},"modified":"2025-09-08T14:07:04","modified_gmt":"2025-09-08T12:07:04","slug":"davoli-donatella","status":"publish","type":"page","link":"https:\/\/stureggiane.comune.re.it\/?page_id=2748","title":{"rendered":"Davoli Donatella"},"content":{"rendered":"\n<p><a href=\"https:\/\/stureggiane.comune.re.it\/wp-content\/uploads\/2020\/01\/CV-Europass-20180310-IT_da-pubblicare.pdf\">Curicculum Vitae<\/a><\/p>\n\n\n\n<p><strong>Atto di nomina<\/strong><\/p>\n\n\n\n<p><a href=\"https:\/\/stureggiane.comune.re.it\/wp-content\/uploads\/2022\/06\/VERBALE-A-13-APR-22FINALE-DA-PUBBLICARE.pdf\">Verbale assemblea soci rinnovo organo consiglio di amministrazione<\/a><\/p>\n\n\n\n<p><strong>Compensi<\/strong> \u20ac. 8.000,00<\/p>\n\n\n\n<p><strong>Dichiarazione di insussistenza di cause di inconferibilit\u00e0 ai sensi del D.Lgs 8 aprile 2013, n. 39<\/strong><\/p>\n\n\n\n<p><a href=\"https:\/\/stureggiane.comune.re.it\/wp-content\/uploads\/2022\/06\/DICHIARAZIONE-inconferibilita.pdf\">Dichiarazione di insussistenza di cause di inconferibilit\u00e0 2022<\/a> <\/p>\n\n\n\n<p><a href=\"https:\/\/stureggiane.comune.re.it\/wp-content\/uploads\/2023\/06\/DAVOLI_-dichiarazione-incompatibilita-2023.pdf\">Dichiarazione di insussistenza di cause di incompatibilit\u00e0 2023<\/a> <\/p>\n\n\n\n<p><a href=\"https:\/\/stureggiane.comune.re.it\/wp-content\/uploads\/2025\/03\/DAVOLI_dichiarazione-incompatibilita-2025_2-1.pdf\">Dichiarazione di insussistenza di cause di incompatibilit\u00e02025<\/a> <\/p>\n\n\n\n<p><a href=\"https:\/\/stureggiane.comune.re.it\/wp-content\/uploads\/2025\/03\/DAVOLI_dichiarazione-incompatibilita-2025_2-1.pdf\">Dichiarazione di insussistenza di cause di incompatibilit\u00e0 2025<\/a><\/p>\n\n\n\n<p><strong>Dichiarazione dei redditi<\/strong><\/p>\n\n\n\n<p><a href=\"https:\/\/stureggiane.comune.re.it\/wp-content\/uploads\/2022\/06\/ALL-3_Mod_-dichiarazione-patrimoniale-3.pdf\">Stato patrimoniale 2022<\/a> <\/p>\n\n\n\n<p><a href=\"https:\/\/stureggiane.comune.re.it\/wp-content\/uploads\/2025\/03\/Dichiarazione-patrimoniale-2023-DD.pdf\">Stato patrimoniale 2023<\/a> <\/p>\n\n\n\n<p><a href=\"https:\/\/stureggiane.comune.re.it\/wp-content\/uploads\/2025\/03\/DAVOLI_ALL-3_Mod_-dichiarazione-patrimoniale-20252.pdf\">Stato patrimoniale 2025<\/a> <\/p>\n\n\n\n<p><a href=\"https:\/\/stureggiane.comune.re.it\/wp-content\/uploads\/2022\/06\/Dichiarazione-redditi-2020.pdf\">Dichiarazione dei redditi 2021<\/a> <\/p>\n\n\n\n<p><a href=\"https:\/\/stureggiane.comune.re.it\/wp-content\/uploads\/2024\/11\/REDDITI-2022_PUBB_SITO.pdf\">Dichiarrazione dei redditi 2022<\/a> <\/p>\n\n\n\n<p><a href=\"https:\/\/stureggiane.comune.re.it\/wp-content\/uploads\/2024\/11\/REDDITI-2023_PUBB_SITO.pdf\">Dichiarazione dei redditi 2023<\/a><\/p>\n","protected":false},"excerpt":{"rendered":"<p>Curicculum Vitae Atto di nomina Verbale assemblea soci rinnovo organo consiglio di amministrazione Compensi \u20ac. 8.000,00 Dichiarazione di insussistenza di cause di inconferibilit\u00e0 ai sensi del D.Lgs 8 aprile 2013, n. 39 Dichiarazione di insussistenza di cause di inconferibilit\u00e0 2022 Dichiarazione di insussistenza di cause di incompatibilit\u00e0 2023 Dichiarazione di insussistenza di cause di incompatibilit\u00e02025 [&hellip;]<\/p>\n","protected":false},"author":6,"featured_media":0,"parent":2728,"menu_order":0,"comment_status":"closed","ping_status":"closed","template":"","meta":{"footnotes":""},"class_list":["post-2748","page","type-page","status-publish","hentry"],"_links":{"self":[{"href":"https:\/\/stureggiane.comune.re.it\/index.php?rest_route=\/wp\/v2\/pages\/2748","targetHints":{"allow":["GET"]}}],"collection":[{"href":"https:\/\/stureggiane.comune.re.it\/index.php?rest_route=\/wp\/v2\/pages"}],"about":[{"href":"https:\/\/stureggiane.comune.re.it\/index.php?rest_route=\/wp\/v2\/types\/page"}],"author":[{"embeddable":true,"href":"https:\/\/stureggiane.comune.re.it\/index.php?rest_route=\/wp\/v2\/users\/6"}],"replies":[{"embeddable":true,"href":"https:\/\/stureggiane.comune.re.it\/index.php?rest_route=%2Fwp%2Fv2%2Fcomments&post=2748"}],"version-history":[{"count":4,"href":"https:\/\/stureggiane.comune.re.it\/index.php?rest_route=\/wp\/v2\/pages\/2748\/revisions"}],"predecessor-version":[{"id":2757,"href":"https:\/\/stureggiane.comune.re.it\/index.php?rest_route=\/wp\/v2\/pages\/2748\/revisions\/2757"}],"up":[{"embeddable":true,"href":"https:\/\/stureggiane.comune.re.it\/index.php?rest_route=\/wp\/v2\/pages\/2728"}],"wp:attachment":[{"href":"https:\/\/stureggiane.comune.re.it\/index.php?rest_route=%2Fwp%2Fv2%2Fmedia&parent=2748"}],"curies":[{"name":"wp","href":"https:\/\/api.w.org\/{rel}","templated":true}]}}