{"id":2731,"date":"2026-06-16T15:34:35","date_gmt":"2026-06-16T13:34:35","guid":{"rendered":"https:\/\/stureggiane.comune.re.it\/?page_id=2731"},"modified":"2026-08-17T09:59:01","modified_gmt":"2026-08-17T07:59:01","slug":"savini-lucia","status":"publish","type":"page","link":"https:\/\/stureggiane.comune.re.it\/?page_id=2731","title":{"rendered":"Savini Lucia &#8211; Presidente"},"content":{"rendered":"\n<p class=\"wp-block-paragraph\">DURATA INCARICO: tre anni (ai sensi dell&#8217;articolo 24 comma 24.1 dello Statuto)<\/p>\n\n\n\n<p class=\"wp-block-paragraph\"><a href=\"https:\/\/stureggiane.comune.re.it\/wp-content\/uploads\/2026\/08\/COMPEN1-1.pdf\">COMPENSI DI QUALSIASI NATURA CONNESSI ALL\u2019ASSUNZIONE DELLA CARICA<\/a><\/p>\n\n\n\n<p class=\"wp-block-paragraph\"><a href=\"https:\/\/stureggiane.comune.re.it\/wp-content\/uploads\/2025\/09\/Verbale-nomine_.pdf\">Atto di Nomina e compenso carica<\/a><\/p>\n\n\n\n<p class=\"wp-block-paragraph\"><a href=\"https:\/\/stureggiane.comune.re.it\/wp-content\/uploads\/2025\/09\/CVSAVI1.pdf\">CV<\/a><\/p>\n\n\n\n<p class=\"wp-block-paragraph\"><a href=\"https:\/\/stureggiane.comune.re.it\/wp-content\/uploads\/2025\/09\/SAVINI2.pdf\">Dichiarazione redditi 2025<\/a><\/p>\n\n\n\n<p class=\"wp-block-paragraph\"><a href=\"https:\/\/stureggiane.comune.re.it\/wp-content\/uploads\/2025\/09\/DICHIA2.pdf\">Insussistenza cause inconferibilit\u00e0 2025<\/a><\/p>\n\n\n\n<p class=\"wp-block-paragraph\"><a href=\"https:\/\/stureggiane.comune.re.it\/wp-content\/uploads\/2025\/09\/DICHIA1.pdf\">Insussistenza cause incompatibilit\u00e0 2025<\/a><\/p>\n\n\n\n<p class=\"wp-block-paragraph\"><a href=\"https:\/\/stureggiane.comune.re.it\/wp-content\/uploads\/2026\/06\/DICHIA3.pdf\">Insussistenza cause incompatibilit\u00e0 2026<\/a><\/p>\n\n\n\n<p class=\"wp-block-paragraph\"><a href=\"https:\/\/stureggiane.comune.re.it\/wp-content\/uploads\/2025\/09\/ALLEGA1.pdf\">Dichiarazione situazione patrimoniale 2025<\/a><\/p>\n\n\n\n<p class=\"wp-block-paragraph\"><a href=\"https:\/\/stureggiane.comune.re.it\/wp-content\/uploads\/2026\/06\/ALLEGA2.pdf\">Dichiarazione situazione patrimoniale 2026<\/a><\/p>\n\n\n\n<p class=\"wp-block-paragraph\"><a href=\"https:\/\/stureggiane.comune.re.it\/wp-content\/uploads\/2025\/12\/savini_pntfl2.pdf\">2025 Dichiarazione ai sensi art 53 comma 16 -ter del Dlgs 165\/2001 e art 21 del Dlgs 39\/2013<\/a><br><\/p>\n\n\n\n<p class=\"wp-block-paragraph\"><a href=\"https:\/\/stureggiane.comune.re.it\/?page_id=3520\">DICHIARAZIONI REDDITUALI E PATRIMONIALI DEL CONIUGE E DEI PARENTI ENTRO IL SECONDO GRADO<\/a><\/p>\n\n\n\n<p class=\"wp-block-paragraph\"><\/p>\n","protected":false},"excerpt":{"rendered":"<p>DURATA INCARICO: tre anni (ai sensi dell&#8217;articolo 24 comma 24.1 dello Statuto) COMPENSI DI QUALSIASI NATURA CONNESSI ALL\u2019ASSUNZIONE DELLA CARICA Atto di Nomina e compenso carica CV Dichiarazione redditi 2025 Insussistenza cause inconferibilit\u00e0 2025 Insussistenza cause incompatibilit\u00e0 2025 Insussistenza cause incompatibilit\u00e0 2026 Dichiarazione situazione patrimoniale 2025 Dichiarazione situazione patrimoniale 2026 2025 Dichiarazione ai sensi art [&hellip;]<\/p>\n","protected":false},"author":6,"featured_media":0,"parent":2726,"menu_order":0,"comment_status":"closed","ping_status":"closed","template":"","meta":{"footnotes":""},"class_list":["post-2731","page","type-page","status-publish","hentry"],"_links":{"self":[{"href":"https:\/\/stureggiane.comune.re.it\/index.php?rest_route=\/wp\/v2\/pages\/2731","targetHints":{"allow":["GET"]}}],"collection":[{"href":"https:\/\/stureggiane.comune.re.it\/index.php?rest_route=\/wp\/v2\/pages"}],"about":[{"href":"https:\/\/stureggiane.comune.re.it\/index.php?rest_route=\/wp\/v2\/types\/page"}],"author":[{"embeddable":true,"href":"https:\/\/stureggiane.comune.re.it\/index.php?rest_route=\/wp\/v2\/users\/6"}],"replies":[{"embeddable":true,"href":"https:\/\/stureggiane.comune.re.it\/index.php?rest_route=%2Fwp%2Fv2%2Fcomments&post=2731"}],"version-history":[{"count":29,"href":"https:\/\/stureggiane.comune.re.it\/index.php?rest_route=\/wp\/v2\/pages\/2731\/revisions"}],"predecessor-version":[{"id":3525,"href":"https:\/\/stureggiane.comune.re.it\/index.php?rest_route=\/wp\/v2\/pages\/2731\/revisions\/3525"}],"up":[{"embeddable":true,"href":"https:\/\/stureggiane.comune.re.it\/index.php?rest_route=\/wp\/v2\/pages\/2726"}],"wp:attachment":[{"href":"https:\/\/stureggiane.comune.re.it\/index.php?rest_route=%2Fwp%2Fv2%2Fmedia&parent=2731"}],"curies":[{"name":"wp","href":"https:\/\/api.w.org\/{rel}","templated":true}]}}

<p class="wp-block-paragraph">DURATA INCARICO: tre anni (ai sensi dell&#8217;articolo 24 comma 24.1 dello Statuto)</p>



<p class="wp-block-paragraph"><a href="https://stureggiane.comune.re.it/wp-content/uploads/2026/08/COMPEN1-1.pdf">COMPENSI DI QUALSIASI NATURA CONNESSI ALL’ASSUNZIONE DELLA CARICA</a></p>



<p class="wp-block-paragraph"><a href="https://stureggiane.comune.re.it/wp-content/uploads/2025/09/Verbale-nomine_.pdf">Atto di Nomina e compenso carica</a></p>



<p class="wp-block-paragraph"><a href="https://stureggiane.comune.re.it/wp-content/uploads/2025/09/CVSAVI1.pdf">CV</a></p>



<p class="wp-block-paragraph"><a href="https://stureggiane.comune.re.it/wp-content/uploads/2025/09/SAVINI2.pdf">Dichiarazione redditi 2025</a></p>



<p class="wp-block-paragraph"><a href="https://stureggiane.comune.re.it/wp-content/uploads/2025/09/DICHIA2.pdf">Insussistenza cause inconferibilità 2025</a></p>



<p class="wp-block-paragraph"><a href="https://stureggiane.comune.re.it/wp-content/uploads/2025/09/DICHIA1.pdf">Insussistenza cause incompatibilità 2025</a></p>



<p class="wp-block-paragraph"><a href="https://stureggiane.comune.re.it/wp-content/uploads/2026/06/DICHIA3.pdf">Insussistenza cause incompatibilità 2026</a></p>



<p class="wp-block-paragraph"><a href="https://stureggiane.comune.re.it/wp-content/uploads/2025/09/ALLEGA1.pdf">Dichiarazione situazione patrimoniale 2025</a></p>



<p class="wp-block-paragraph"><a href="https://stureggiane.comune.re.it/wp-content/uploads/2026/06/ALLEGA2.pdf">Dichiarazione situazione patrimoniale 2026</a></p>



<p class="wp-block-paragraph"><a href="https://stureggiane.comune.re.it/wp-content/uploads/2025/12/savini_pntfl2.pdf">2025 Dichiarazione ai sensi art 53 comma 16 -ter del Dlgs 165/2001 e art 21 del Dlgs 39/2013</a><br></p>



<p class="wp-block-paragraph"><a href="https://stureggiane.comune.re.it/?page_id=3520">DICHIARAZIONI REDDITUALI E PATRIMONIALI DEL CONIUGE E DEI PARENTI ENTRO IL SECONDO GRADO</a></p>



<p class="wp-block-paragraph"></p>

<p>DURATA INCARICO: tre anni (ai sensi dell&#8217;articolo 24 comma 24.1 dello Statuto) COMPENSI DI QUALSIASI NATURA CONNESSI ALL’ASSUNZIONE DELLA CARICA Atto di Nomina e compenso carica CV Dichiarazione redditi 2025 Insussistenza cause inconferibilità 2025 Insussistenza cause incompatibilità 2025 Insussistenza cause incompatibilità 2026 Dichiarazione situazione patrimoniale 2025 Dichiarazione situazione patrimoniale 2026 2025 Dichiarazione ai sensi art [&hellip;]</p>
