{"id":2649,"date":"2025-08-28T09:34:44","date_gmt":"2025-08-28T07:34:44","guid":{"rendered":"https:\/\/stureggiane.comune.re.it\/?page_id=2649"},"modified":"2025-08-28T11:26:07","modified_gmt":"2025-08-28T09:26:07","slug":"avviso-di-selezione-per-lassunzione-di-una-unita-di-personale-addetta-alla-gestione-contabile-e-amministrativa-della-societa-dotata-di-conoscenze-teoriche-e-pratiche-in-materia-di-contabilit","status":"publish","type":"page","link":"https:\/\/stureggiane.comune.re.it\/?page_id=2649","title":{"rendered":"AVVISO DI SELEZIONE per l\u2019assunzione di una unit\u00e0 di personale addetta alla gestione contabile e amministrativa della societ\u00e0, dotata di conoscenze teoriche e pratiche in materia di contabilit\u00e0 sia in regime privatistico che pubblicistico"},"content":{"rendered":"\n<p><strong>Avviso<\/strong><\/p>\n\n\n\n<p><a href=\"https:\/\/stureggiane.comune.re.it\/wp-content\/uploads\/2021\/01\/AVVISO-DI-SELEZIONE-18.01.2021.pdf\">AVVISO DI SELEZIONE&nbsp;<\/a><\/p>\n\n\n\n<p><a href=\"https:\/\/stureggiane.comune.re.it\/wp-content\/uploads\/2021\/01\/AVVISO-SELEZIONE_STU_ALL_Modulo-di-domanda.docx\">AVVISO-SELEZIONE_STU_ALL_Modulo-di-domanda.doc<\/a><\/p>\n\n\n\n<p><a href=\"https:\/\/stureggiane.comune.re.it\/wp-content\/uploads\/2021\/01\/AVVISO-SELEZIONE_STU_ALL_Modulo-di-domanda.pdf\">AVVISO-SELEZIONE_STU_ALL_Modulo-di-domanda.pdf<\/a><\/p>\n\n\n\n<p>\u00a0<strong>Criteri<\/strong><\/p>\n\n\n\n<p>I criteri di ammissione sono descritti all&#8217;interno dell&#8217;avviso<\/p>\n\n\n\n<p><strong>Esito<\/strong><\/p>\n\n\n\n<p><a href=\"https:\/\/stureggiane.comune.re.it\/wp-content\/uploads\/2021\/02\/risultato-selezione-1.pdf\">Risultato selezione<\/a><\/p>\n\n\n\n<p><\/p>\n","protected":false},"excerpt":{"rendered":"<p>Avviso AVVISO DI SELEZIONE&nbsp; AVVISO-SELEZIONE_STU_ALL_Modulo-di-domanda.doc AVVISO-SELEZIONE_STU_ALL_Modulo-di-domanda.pdf \u00a0Criteri I criteri di ammissione sono descritti all&#8217;interno dell&#8217;avviso Esito Risultato selezione<\/p>\n","protected":false},"author":6,"featured_media":0,"parent":0,"menu_order":0,"comment_status":"closed","ping_status":"closed","template":"","meta":{"footnotes":""},"class_list":["post-2649","page","type-page","status-publish","hentry"],"_links":{"self":[{"href":"https:\/\/stureggiane.comune.re.it\/index.php?rest_route=\/wp\/v2\/pages\/2649","targetHints":{"allow":["GET"]}}],"collection":[{"href":"https:\/\/stureggiane.comune.re.it\/index.php?rest_route=\/wp\/v2\/pages"}],"about":[{"href":"https:\/\/stureggiane.comune.re.it\/index.php?rest_route=\/wp\/v2\/types\/page"}],"author":[{"embeddable":true,"href":"https:\/\/stureggiane.comune.re.it\/index.php?rest_route=\/wp\/v2\/users\/6"}],"replies":[{"embeddable":true,"href":"https:\/\/stureggiane.comune.re.it\/index.php?rest_route=%2Fwp%2Fv2%2Fcomments&post=2649"}],"version-history":[{"count":3,"href":"https:\/\/stureggiane.comune.re.it\/index.php?rest_route=\/wp\/v2\/pages\/2649\/revisions"}],"predecessor-version":[{"id":2668,"href":"https:\/\/stureggiane.comune.re.it\/index.php?rest_route=\/wp\/v2\/pages\/2649\/revisions\/2668"}],"wp:attachment":[{"href":"https:\/\/stureggiane.comune.re.it\/index.php?rest_route=%2Fwp%2Fv2%2Fmedia&parent=2649"}],"curies":[{"name":"wp","href":"https:\/\/api.w.org\/{rel}","templated":true}]}}

AVVISO DI SELEZIONE per l’assunzione di una unità di personale addetta alla gestione contabile e amministrativa della società, dotata di conoscenze teoriche e pratiche in materia di contabilità sia in regime privatistico che pubblicistico
