{"id":1331,"date":"2026-04-24T12:28:21","date_gmt":"2026-04-24T10:28:21","guid":{"rendered":"https:\/\/stureggiane.comune.re.it\/?page_id=1331"},"modified":"2026-04-24T12:28:21","modified_gmt":"2026-04-24T10:28:21","slug":"scaduti","status":"publish","type":"page","link":"https:\/\/stureggiane.comune.re.it\/?page_id=1331","title":{"rendered":"Avvisi di selezione"},"content":{"rendered":"\n<h2 class=\"wp-block-heading\">In corso<\/h2>\n\n\n\n<p>Non ci sono avvisi di selezione in corso<\/p>\n\n\n\n<hr class=\"wp-block-separator has-alpha-channel-opacity\"\/>\n\n\n\n<h2 class=\"wp-block-heading\">Conclusi<\/h2>\n\n\n\n<p><strong>2023<\/strong><\/p>\n\n\n\n<p><a href=\"https:\/\/stureggiane.comune.re.it\/?page_id=1867(si%20apre%20in%20una%20nuova%20scheda)\">AVVISO DI SELEZIONE PER L\u2019ASSUNZIONE DI UNA UNITA\u2019 DI PERSONALE ADDETTA ALLA GESTIONE CONTABILE E AMMINISTRATIVA DELLA SOCIETA\u2019, DOTATA DI CONOSCENZE TEORICHE E PRATICHE IN MATERIA DI CONTABILITA\u2019 SIA IN REGIME PRIVATISTICO CHE PUBBLICISTICO.<\/a>&nbsp;Non si \u00e8 proceduto ad assunzione dell\u2019unit\u00e0 a causa di rinuncia della candidata ammessa.<\/p>\n\n\n\n<p><strong>2022<\/strong><\/p>\n\n\n\n<p><a href=\"https:\/\/stureggiane.comune.re.it\/?page_id=1845\">AVVISO DI SELEZIONE PER L\u2019ASSUNZIONE DI UNA UNITA\u2019 DI PERSONALE ADDETTA ALLA GESTIONE CONTABILE E AMMINISTRATIVA DELLA SOCIATA\u2019, DOTATA DI CONOSCENZE TEORICHE E PREATICHE IN MATERIA DI CONTABILITA\u2019 SIA IN REGIME PRIVATISTICO CHE PUBBLICISTICO.<\/a>&nbsp;Non si \u00e8 proceduto ad assunzione dell\u2019unit\u00e0 a causa di rinuncia della candidata ammessa.<\/p>\n\n\n\n<p><a href=\"https:\/\/stureggiane.comune.re.it\/?page_id=1910\">AVVISO DI SELEZIONE PER L\u2019ASSUNZIONE DI UNA UNITA\u2019 DI PERSONALE ADDETTA ALLA GESTIONE CONTABILE E AMMINISTRATIVA DELLA SOCIETA\u2019, DOTATA DI CONOSCENZE TEORICHE E PRATICHE IN MATERIA DI CONTABILITA\u2019 SIA IN REGIME PRIVATISTICO CHE PUBBLICISTICO.<\/a><\/p>\n\n\n\n<p><a href=\"https:\/\/stureggiane.comune.re.it\/?page_id=2663\">AVVISO DI PROCEDURA SELETTIVA PUBBLICA FINALIZZATA ALL\u2019ACQUISIZIONE DI MANIFESTAZIONI DI INTERESSE PER LA NOMINA DELL\u2019ORGANISMO DI VIGILANZA (O.d.V.) IN FORMA MONOCRATICA TRIENNIO 2022-2024<\/a><\/p>\n\n\n\n<p><strong>2021<\/strong><\/p>\n\n\n\n<p><a href=\"https:\/\/stureggiane.comune.re.it\/?page_id=2649\">AVVISO DI SELEZIONE per l\u2019assunzione di una unit\u00e0 di personale addetta alla gestione contabile e amministrativa della societ\u00e0, dotata di conoscenze teoriche e pratiche in materia di contabilit\u00e0 sia in regime privatistico che pubblicistico<\/a><\/p>\n\n\n\n<p><\/p>\n","protected":false},"excerpt":{"rendered":"<p>In corso Non ci sono avvisi di selezione in corso Conclusi 2023 AVVISO DI SELEZIONE PER L\u2019ASSUNZIONE DI UNA UNITA\u2019 DI PERSONALE ADDETTA ALLA GESTIONE CONTABILE E AMMINISTRATIVA DELLA SOCIETA\u2019, DOTATA DI CONOSCENZE TEORICHE E PRATICHE IN MATERIA DI CONTABILITA\u2019 SIA IN REGIME PRIVATISTICO CHE PUBBLICISTICO.&nbsp;Non si \u00e8 proceduto ad assunzione dell\u2019unit\u00e0 a causa di [&hellip;]<\/p>\n","protected":false},"author":10,"featured_media":0,"parent":0,"menu_order":0,"comment_status":"closed","ping_status":"closed","template":"","meta":{"footnotes":""},"class_list":["post-1331","page","type-page","status-publish","hentry"],"_links":{"self":[{"href":"https:\/\/stureggiane.comune.re.it\/index.php?rest_route=\/wp\/v2\/pages\/1331","targetHints":{"allow":["GET"]}}],"collection":[{"href":"https:\/\/stureggiane.comune.re.it\/index.php?rest_route=\/wp\/v2\/pages"}],"about":[{"href":"https:\/\/stureggiane.comune.re.it\/index.php?rest_route=\/wp\/v2\/types\/page"}],"author":[{"embeddable":true,"href":"https:\/\/stureggiane.comune.re.it\/index.php?rest_route=\/wp\/v2\/users\/10"}],"replies":[{"embeddable":true,"href":"https:\/\/stureggiane.comune.re.it\/index.php?rest_route=%2Fwp%2Fv2%2Fcomments&post=1331"}],"version-history":[{"count":13,"href":"https:\/\/stureggiane.comune.re.it\/index.php?rest_route=\/wp\/v2\/pages\/1331\/revisions"}],"predecessor-version":[{"id":2669,"href":"https:\/\/stureggiane.comune.re.it\/index.php?rest_route=\/wp\/v2\/pages\/1331\/revisions\/2669"}],"wp:attachment":[{"href":"https:\/\/stureggiane.comune.re.it\/index.php?rest_route=%2Fwp%2Fv2%2Fmedia&parent=1331"}],"curies":[{"name":"wp","href":"https:\/\/api.w.org\/{rel}","templated":true}]}}